et a be w(19). What are the prime factors of (4 + 5694/(-12))*a?
941
Let n be (0 + (-14)/3)*3. Let z be (-915)/(-6)*n/(-35). Let f = z + -2. What are the prime factors of f?
59
Suppose 0 = -24*l + 7*l + 360685 + 561939. List the prime factors of l.
2, 53
Suppose h + 75*d - 13064 = 77*d, 4*h - 5*d = 52250. List the prime factors of h.
2, 5, 653
Suppose -4*m + 103 = -a + 2*a, -3*a - 66 = -3*m. Suppose -m*d + 12*d = -1183. What are the prime factors of d?
7, 13
Suppose -b + 51 + 33 = 0. Suppose -96 = -2*w - 5*y, -y + 3*y - b = -2*w. List the prime factors of (-1)/(-4) + 2*w/16.
5
Suppose s - p = -3*p + 15, 4*s + 2*p = 72. Suppose 2*h + s = 107. Suppose 10*j - 136 = h. What are the prime factors of j?
2, 3
Suppose -480 = 3*o - 7*o. Suppose -70*t + 68*t = -o. List the prime factors of t.
2, 3, 5
List the prime factors of (-27813340)/(-532) + (-10)/(-35).
3, 37, 157
Let v = 24 + -19. Suppose 2*q = v*r + 9 + 3, -5*r + 6 = q. Suppose q*w - 38 = 5*w. What are the prime factors of w?
2, 19
Let q = 36915 + -25887. List the prime factors of q.
2, 3, 919
Let u(x) = -4495*x**3 + 4*x**2 + 40*x + 37. What are the prime factors of u(-1)?
2, 281
Let l be (-780)/10*(9/6)/3. Let h(w) = w**3 + 39*w**2 - 31*w + 166. List the prime factors of h(l).
5, 11
Suppose 434662 - 106648 = 18*c. Suppose 18*a = -7261 + c. List the prime factors of a.
3, 7, 29
Let r(j) = -j**3 + 6*j**2 + 2*j + 8. Let s be r(7). Let i = s + 29. Suppose 5*g - 135 + 26 = -d, -94 = -d - i*g. List the prime factors of d.
2, 3, 7
Suppose 10*w - 209 = -9*w. Suppose 231 = -w*l + 14*l. List the prime factors of l.
7, 11
Suppose 72 = 2*a + 16*a. Suppose 0 = 4*k + 2*p - 3412, -k + 871 = p + a*p. List the prime factors of k.
23, 37
Suppose 0 = u - 1292 + 311. Suppose 53 - u = -4*s. Suppose -229 = -2*r - z, 0*r + 2*r = 2*z + s. List the prime factors of r.
5, 23
List the prime factors of ((-30960)/(-70))/(-4)*5124/(-18).
2, 3, 43, 61
Let n(l) be the third derivative of l**5/10 + l**4/4 + 25*l**3/6 + 2*l**2 - 2. List the prime factors of n(-7).
277
Let l(o) = 4222*o**2 + 88*o + 177. What are the prime factors of l(-2)?
16889
Suppose -58*i + 60*i - 6 = 0. Let l be (-44)/(-12) - (-8)/6. Suppose i*w + 444 = 5*w + 2*u, -2*w - l*u = -432. List the prime factors of w.
2, 113
Let a = 835 + -848. Suppose 0 = 4*i - n + 22, 2*i + 2*n + 8 = n. List the prime factors of (i + 7)*(-1 - a).
2, 3
Suppose 14 = 4*f + 6. Let s(n) = 4*n**2 - 4*n - 3. Let t be s(-1). Suppose -q = -t*q - d + 325, f*q + 3*d - 165 = 0. List the prime factors of q.
3
Suppose 23*v = k + 24*v - 10530, 0 = -3*k + 3*v + 31578. List the prime factors of k.
2, 7, 47
Suppose -41 = -2*q + 19. Suppose q = -4*n + 258. Suppose -2 = -2*h + 6, -2*h = -o + n. What are the prime factors of o?
5, 13
Let u be -2 + 21 + -6 + 3. Suppose u*j = 17*j - 40. What are the prime factors of j?
2, 5
Let h be (12/(-21))/((-5)/70). Suppose 3375 = h*p - 2905. What are the prime factors of p?
5, 157
Suppose 3*o - 29 = 5*p, 5*o = p - 3*p + 7. Let a be o/5 - 4348/(-20). Suppose -5*w + 1065 = -f - 4*f, -4*f = w - a. What are the prime factors of w?
2, 107
Suppose 0 = -371*h + 244*h + 160655. List the prime factors of h.
5, 11, 23
Let f(m) = 10*m**2 - 278*m + 30. What are the prime factors of f(48)?
2, 3, 1621
Suppose -2*a = 4*h - 34 - 0, -10 = -2*h. Let j(b) = 4*b - 23. Let s be j(a). Suppose -3*u + 410 = 5*v, 16 = u + s*v - 124. List the prime factors of u.
3, 5
Let p(w) = -w + 9. Let q be p(8). List the prime factors of (30/(-4))/q*(-76)/6.
5, 19
Suppose -z - 9 = 3*b - 20, 10 = 2*b - 2*z. Suppose -4*d = 3*m - 1619, -2*d - 3*d = b*m - 2023. List the prime factors of d.
11, 37
Let v(m) = 8*m + 5. Let i be v(0). Suppose -3*j - 535 = -2*t - 31, -1030 = -4*t - i*j. What are the prime factors of t?
3, 5, 17
Let g(n) = -701*n - 16. Let u be g(2). Let f = -676 - u. What are the prime factors of f?
2, 7, 53
Suppose 215 - 54 = 2*l - 5*a, 3*l = -5*a + 229. Let k = l + -71. Let o = 12 + k. What are the prime factors of o?
19
What are the prime factors of (44/10)/(5/525) + (-40 - -33)?
5, 7, 13
Let v(b) = 2820*b**2 - 26*b - 74. What are the prime factors of v(-3)?
2, 19, 167
Suppose 2*p - 7*p + 50 = -2*q, -p + q = -13. Let d(s) = -294 + 154 + 153 + p*s. What are the prime factors of d(16)?
3, 47
Let q(f) = -f**3 + 4*f**2 + 5*f. Let w be 9 + 0 + 0 - 4. Let d be q(w). Suppose j = -4*v + 72, d*j + 2*j + v = 116. List the prime factors of j.
2, 7
Suppose -4*q = -142*m + 140*m - 163140, 5*q = m + 203928. List the prime factors of q.
2, 20393
Suppose h = 2*n + 249, n = -5*h + 8 + 1270. Suppose -3*v = -5*g + h, -v - 3*v - 68 = -g. Let x = g + -10. List the prime factors of x.
2, 19
Let t = -113 - -117. Suppose -t*v + 4584 = 2*c + 356, -2130 = -2*v - 5*c. What are the prime factors of v?
5, 211
Let h(m) = -7*m**3 + 250*m**2 + 79*m - 119. List the prime factors of h(29).
7, 23, 37
Suppose x - 2*y - 451 = -164, -4*x - y = -1103. List the prime factors of (-6 - 2)/(-4) + -3 + x.
2, 3, 23
Let k = 3 - -2. Suppose 14*c - 15*c = 2*m - 31, -2*m = -c + 27. Suppose v = -k*q + 183, -q - 2*v - 2*v = -c. List the prime factors of q.
37
Suppose 3*x = -3*b - 1755, -5*x - 650 - 1685 = 4*b. What are the prime factors of 12/(b/(-145) - 4)?
2, 3, 29
Let l = -99 + 103. Suppose 1871 = 3*q + l*s, -17*s + 2 = -19*s. What are the prime factors of q?
5
Let x = 6647 + -4255. What are the prime factors of x?
2, 13, 23
Let i(x) = -13*x + 75. Suppose 2*f - 38 = 4*f + v, -v = -f - 22. What are the prime factors of i(f)?
5, 67
Let s = -39 + 43. Let q be (11 - s/1)*1. Suppose -q*v + 6*v + 73 = 0. What are the prime factors of v?
73
Suppose -20*a + 4*a + 89207 + 173353 = 0. What are the prime factors of a?
2, 3, 5, 547
Let j(i) = -315*i**3 - 4*i**2 - 5*i + 161*i**3 + 155*i**3 - 7. List the prime factors of j(7).
3, 5, 7
Let q(x) = 3*x**2 + 53*x + 160. What are the prime factors of q(-49)?
2, 2383
Let h = 480 - -2884. Suppose -1546 = -10*t + h. What are the prime factors of t?
491
Suppose 0 = 5*m - 5*m - 8*m. Suppose m = -34*l + 39*l - 1275. What are the prime factors of l?
3, 5, 17
Suppose -1813*r = -4*k - 1812*r + 98112, -5*r = 40. What are the prime factors of k?
2, 12263
Let t = 68600 - 30910. What are the prime factors of t?
2, 5, 3769
List the prime factors of (14181/163)/(9/1959).
29, 653
Let t = -5 - 1. Let w be (1 + 4/t)*783. Let n = w + -175. List the prime factors of n.
2, 43
List the prime factors of (4*2/(-4))/((-218)/1108857).
3, 3391
What are the prime factors of 272*6*(-22 - 2574/(-104))?
2, 3, 11, 17
Suppose a = -0 + 2, 0 = -4*w - 5*a - 306. Let n(j) = -j**3 + 9*j**2 + 3*j + 2. Let g be n(7). Let b = g + w. What are the prime factors of b?
2, 3, 7
Let q = 118 + -179. Let c = q + 69. Suppose 0 = c*d - 4*d - 580. List the prime factors of d.
5, 29
Let j = -881 - -1689. Suppose j = 4*m - 500. What are the prime factors of m?
3, 109
Let c be (-8)/(-6)*(-3 - -4 - -707). Suppose 6*r = -2*r + c. What are the prime factors of r?
2, 59
Let j be (-57)/(-38) + (-6054)/(-4). Suppose 0 = 5*x + 3*h - j, -5*x + 1490 = h - 3*h. List the prime factors of x.
2, 3, 5
Let t be 3/(-5) + (-4170)/50. What are the prime factors of (216/21)/((-9)/t)?
2, 3
Let c(h) be the first derivative of h**4/4 + 10*h**3 + 45*h**2/2 + 6*h - 82. List the prime factors of c(-26).
2, 5, 7, 11
Suppose -4*f + 18*v + 19 = 17*v, 0 = 5*f + 3*v - 28. Suppose -5*o = -f*d - 2200, 0 = 2*o - 4*o - d + 892. What are the prime factors of o?
2, 3, 37
List the prime factors of (-2621)/13*247/(-19).
2621
Let f(b) = 1231*b - 68. List the prime factors of f(6).
2, 3659
Suppose -8 = -v - 2*o, 5*o - 20 = -49*v + 50*v. Suppose -3*r + w + 1747 = v, -3*r + 3*w = -0*w - 1743. What are the prime factors of r?
11, 53
Let o(y) = -115*y + 12. Let c be o(-3). Suppose -20*h = -17*h - c. List the prime factors of h.
7, 17
Let w(k) = 20746*k**2 - 28*k - 11. List the prime factors of w(-2).
79, 1051
Suppose 0 = -3*x - 3*m + 288 - 75, 3*x + 2*m - 211 = 0. Suppose x*t - 3603 = 66*t. List the prime factors of t.
1201
Let i be (-112)/112*6/(-2). Let l(o) = -o**3 + 2*o**2 - 5*o + 3. Let n be l(3). List the prime factors of ((-28)/4)/(i/n).
7
Let f(k) = k**3 + 38*k**2 + 68*k + 56. Let g be f(-36). What are the prime factors of (-1)/(-10) - (-160780)/g?
2, 3, 67
Let g = -988 + 1002. List the p